506?
True
Is 187 a factor of 681093925?
False
Is 505 a factor of 43516860?
True
Is 19979975 a multiple of 1345?
True
Does 7 divide 36758131?
False
Is 3 a factor of 470497725?
True
Does 585 divide 11429145?
True
Is 46206859 a multiple of 124?
False
Is 1142472765 a multiple of 204?
False
Is 184681512 a multiple of 108?
True
Is 15628916 a multiple of 34?
True
Is 29646387 a multiple of 309?
True
Is 18570374 a multiple of 1743?
False
Is 63 a factor of 591858901?
False
Is 267701920 a multiple of 16?
True
Does 32 divide 56746396?
False
Is 6179328 a multiple of 6?
True
Is 1019810994 a multiple of 94?
False
Does 81 divide 4225203?
True
Is 454 a factor of 216980163?
False
Does 22 divide 530987556?
True
Is 104 a factor of 359631517?
False
Is 349 a factor of 38094746?
True
Is 32791197 a multiple of 809?
True
Does 129 divide 90281424?
True
Does 243 divide 111238728?
False
Is 28343085 a multiple of 245?
False
Is 93 a factor of 53349844?
False
Does 347 divide 33203389?
True
Is 17 a factor of 715398384?
False
Is 400180389 a multiple of 95?
False
Is 674 a factor of 6616892?
False
Is 21897760 a multiple of 32?
True
Does 102 divide 13152525?
False
Does 98 divide 53326108?
False
Is 125522579 a multiple of 949?
False
Does 529 divide 1707099145?
False
Is 15 a factor of 16235981?
False
Does 3755 divide 302790075?
False
Is 257049738 a multiple of 363?
True
Does 1383 divide 1096398144?
True
Does 28 divide 48895212?
False
Is 2 a factor of 104504610?
True
Is 19 a factor of 5741029?
False
Is 48900738 a multiple of 261?
False
Does 3112 divide 88271880?
True
Is 276 a factor of 117681708?
True
Is 535132459 a multiple of 126?
False
Is 192 a factor of 371671995?
False
Does 1665 divide 49458825?
True
Is 21 a factor of 42353598?
True
Is 1980 a factor of 46644840?
True
Is 1684480302 a multiple of 171?
True
Is 13323085 a multiple of 59?
True
Is 472 a factor of 21960662?
False
Is 16 a factor of 29672960?
True
Is 5 a factor of 128535770?
True
Is 89 a factor of 1802470482?
False
Does 77 divide 566631298?
False
Is 779 a factor of 2674119975?
False
Is 774828838 a multiple of 69?
False
Is 81 a factor of 3486969?
True
Does 172 divide 26618720?
True
Does 227 divide 111769865?
False
Does 679 divide 107150274?
True
Is 746302252 a multiple of 46?
True
Is 425644214 a multiple of 28?
False
Does 20 divide 426317028?
False
Is 30910609 even?
False
Is 129 a factor of 7766445?
True
Is 9624952 a multiple of 40?
False
Is 73740879 a multiple of 3927?
False
Does 52 divide 53145144?
True
Is 20 a factor of 894311380?
True
Does 142 divide 38186214?
True
Does 38 divide 74355118?
False
Is 10995 a factor of 269641380?
True
Is 95 a factor of 16463560?
False
Is 27485268 a multiple of 4?
True
Does 128 divide 137759875?
False
Is 795 a factor of 86491187?
False
Is 555883488 a multiple of 774?
False
Is 148570760 a multiple of 520?
True
Is 13 a factor of 1053465554?
False
Is 995 a factor of 20920394?
False
Is 1007 a factor of 289803708?
False
Is 3040 a factor of 1962858080?
True
Is 2574764 a multiple of 79?
False
Does 2 divide 6769072?
True
Is 9130927 a multiple of 6?
False
Does 1149 divide 229427724?
True
Is 684 a factor of 179373336?
False
Does 29 divide 4425882?
False
Is 1178674074 a multiple of 20?
False
Does 39 divide 126579609?
True
Does 705 divide 106672771?
False
Is 28 a factor of 9231936?
True
Does 6 divide 95286677?
False
Is 378 a factor of 43911504?
True
Is 121 a factor of 1167954790?
False
Does 62 divide 229308303?
False
Does 23 divide 116568761?
True
Is 214749885 a multiple of 47?
False
Is 344543212 a multiple of 6312?
False
Does 18 divide 2006746074?
True
Is 7 a factor of 41995177?
True
Is 8 a factor of 2201172499?
False
Is 20 a factor of 812053394?
False
Is 190 a factor of 251052346?
False
Does 24 divide 206533912?
False
Is 398652840 a multiple of 8?
True
Is 476378312 a multiple of 1615?
False
Does 134 divide 94993626?
False
Is 1102800200 a multiple of 62?
True
Is 14 a factor of 101320520?
True
Is 186 a factor of 14166335?
False
Is 1033706 a multiple of 23?
False
Is 36 a factor of 225153576?
True
Does 112 divide 3900736?
True
Is 16741139 a multiple of 520?
False
Is 13 a factor of 409515104?
False
Is 96 a factor of 349932135?
False
Is 12 a factor of 46642788?
True
Is 94 a factor of 66804837?
False
Is 42 a factor of 20720826?
True
Is 352582240 a multiple of 190?
True
Is 20 a factor of 188636940?
True
Is 22250589 a multiple of 144?
False
Is 139829079 a multiple of 193?
True
Is 15 a factor of 152380260?
True
Is 3541 a factor of 211167535?
True
Is 122 a factor of 128610814?
True
Does 4 divide 1013067?
False
Is 317315344 a multiple of 1163?
False
Is 169 a factor of 200409326?
True
Does 3 divide 100702173?
True
Does 478 divide 69784724?
False
Is 197 a factor of 10950268?
False
Is 732342468 a multiple of 12?
True
Does 5068 divide 53269711?
False
Is 15 a factor of 78993617?
False
Is 45 a factor of 20162295?
True
Does 19 divide 364814726?
False
Is 97 a factor of 124248658?
True
Is 31378105 a multiple of 1292?
False
Is 30482068 a multiple of 240?
False
Is 123193379 a multiple of 1655?
False
Is 47640080 a multiple of 577?
False
Is 86019672 a multiple of 3702?
True
Does 76 divide 1496031056?
False
Is 17 a factor of 23486503?
True
Is 45889639 a multiple of 97?
False
Does 5 divide 25288680?
True
Is 141863716 even?
True
Does 111 divide 37716579?
True
Does 28 divide 55450007?
False
Is 1192372615 a multiple of 49?
True
Does 1377 divide 75955320?
True
Is 138 a factor of 53742080?
False
Is 30710857 a multiple of 146?
False
Is 2221 a factor of 21644662?
False
Does 1606 divide 34707266?
True
Does 59 divide 19875507?
True
Is 73391444 a multiple of 346?
True
Does 22 divide 33497583?
False
Is 6494166 even?
True
Does 4 divide 199876459?
False
Is 235 a factor of 840267400?
False
Is 795987325 a multiple of 175?
True
Is 186 a factor of 970915350?
True
Is 2034016738 a multiple of 38?
False
Is 9 a factor of 113849165?
False
Is 23194023 a multiple of 267?
True
Is 83 a factor of 616074638?
True
Does 3 divide 358579539?
True
Does 6 divide 141107486?
False
Is 823251879 a multiple of 2173?
False
Is 34 a factor of 12472546?
False
Is 1013076722 a multiple of 102?
False
Is 3135 a factor of 1548087659?
False
Is 206 a factor of 381971215?
False
Is 743193618 a multiple of 6?
True
Does 14 divide 58792746?
False
Is 852402625 a multiple of 2746?
False
Is 105 a factor of 523094728?
False
Is 74126934 a multiple of 123?
True
Does 34 divide 3137867557?
False
Does 346 divide 157978371?
False
Is 12105017 a multiple of 287?
False
Is 747 a factor of 239811377?
False
Does 52 divide 170076129?
False
Does 5 divide 374594960?
True
Is 294010985 a multiple of 5?
True
Is 91 a factor of 251396132?
False
Does 352 divide 144863136?
True
Is 10 a factor of 33002044?
False
Is 15120557 a multiple of 23?
False
Is 536145406 a multiple of 58?
False
Is 3356420320 a multiple of 556?
False
Does 13 divide 3395965966?
False
Does 2035 divide 296142164?
False
Does 18 divide 366202062?
True
Is 43636622 a multiple of 1048?
False
Is 175 a factor of 593230400?
True
Does 14 divide 920246096?
True
Does 4256 divide 220222399?
False
Is 305242254 a multiple of 18?
True
Is 320 a factor of 824775360?
True
Is 2287918723 a multiple of 7?
False
Does 107 divide 1498989001?
True
Is 10172 even?
True
Is 35122044 a multiple of 10?
False
Does 1885 divide 2164422975?
True
Is 77 a factor of 14022085?
True
Does 157 divide 160153475?
False
Is 15 a factor of 60808995?
True
Is 73368482 a multiple of 78?
False
Is 17738112 a multiple of 84?
True
Does 722 divide 52520005?
False
Does 120 divide 590141070?
False
Is 27 a factor of 19885807?
False
Is 9868406 a multiple of 2?
True
Does 14 divide 32049416?
True
Does 151 divide 7872948?
False
Does 17 divide 4045950633?
False
Does 29 divide 41319925?
True
Is 92 a factor of 59787328?
False
Does 530 divide 14682430?
False
Does 170 divide 167684600?
True
Is 8 a factor of 3627376?
True
Is 117477946 a multiple of 12?
False
Is 20 a factor of 210412200?
True
Is 496916220 a multiple of 71?
True
Does 52 divide 2354969968?
True
Does 13 divide 23792041?
True
Is 88 a factor of 6688088?
True
Is 813380400 a multiple of 2862?
True
Is 2036 a factor of 219041647?
False
Is 822 a factor of 442466982?
True
Does 1041 divide 33144537?
False
Is 4340900 a multiple of 830?
True
Do